{"id":151,"date":"2010-09-14T19:19:35","date_gmt":"2010-09-14T17:19:35","guid":{"rendered":"http:\/\/www.cm-networks.de\/mobkomsys\/?page_id=151"},"modified":"2010-09-18T17:50:23","modified_gmt":"2010-09-18T15:50:23","slug":"der-autor","status":"publish","type":"page","link":"http:\/\/www.cm-networks.de\/mobkomsys\/?page_id=151","title":{"rendered":"Der Autor"},"content":{"rendered":"<p>Einen \u00dcberblick \u00fcber meine aktuellen und bisherigen beruflichen T\u00e4tigkeiten im Mobilfunkbereich finden Sie <a href=\"http:\/\/de.linkedin.com\/pub\/martin-sauter\/1\/739\/695\" target=\"_blank\">bei LinkedIn<\/a>. Bei Fragen zum Buch k\u00f6nnen Sie sich auch gerne \u00fcber folgende e-mail Adresse an mich wenden: gsmumts (at) gmx.de<\/p>\n","protected":false},"excerpt":{"rendered":"<p>Einen \u00dcberblick \u00fcber meine aktuellen und bisherigen beruflichen T\u00e4tigkeiten im Mobilfunkbereich finden Sie bei LinkedIn. Bei Fragen zum Buch k\u00f6nnen Sie sich auch gerne \u00fcber folgende e-mail Adresse an mich wenden: gsmumts (at) gmx.de<\/p>\n","protected":false},"author":1,"featured_media":0,"parent":0,"menu_order":0,"comment_status":"closed","ping_status":"closed","template":"onecolumn-page.php","meta":{"footnotes":""},"class_list":["post-151","page","type-page","status-publish","hentry"],"_links":{"self":[{"href":"http:\/\/www.cm-networks.de\/mobkomsys\/index.php?rest_route=\/wp\/v2\/pages\/151","targetHints":{"allow":["GET"]}}],"collection":[{"href":"http:\/\/www.cm-networks.de\/mobkomsys\/index.php?rest_route=\/wp\/v2\/pages"}],"about":[{"href":"http:\/\/www.cm-networks.de\/mobkomsys\/index.php?rest_route=\/wp\/v2\/types\/page"}],"author":[{"embeddable":true,"href":"http:\/\/www.cm-networks.de\/mobkomsys\/index.php?rest_route=\/wp\/v2\/users\/1"}],"replies":[{"embeddable":true,"href":"http:\/\/www.cm-networks.de\/mobkomsys\/index.php?rest_route=%2Fwp%2Fv2%2Fcomments&post=151"}],"version-history":[{"count":9,"href":"http:\/\/www.cm-networks.de\/mobkomsys\/index.php?rest_route=\/wp\/v2\/pages\/151\/revisions"}],"predecessor-version":[{"id":184,"href":"http:\/\/www.cm-networks.de\/mobkomsys\/index.php?rest_route=\/wp\/v2\/pages\/151\/revisions\/184"}],"wp:attachment":[{"href":"http:\/\/www.cm-networks.de\/mobkomsys\/index.php?rest_route=%2Fwp%2Fv2%2Fmedia&parent=151"}],"curies":[{"name":"wp","href":"https:\/\/api.w.org\/{rel}","templated":true}]}}