{"id":199,"date":"2010-10-23T11:59:36","date_gmt":"2010-10-23T09:59:36","guid":{"rendered":"http:\/\/www.cm-networks.de\/mobkomsys\/?page_id=199"},"modified":"2010-10-23T12:04:43","modified_gmt":"2010-10-23T10:04:43","slug":"4-auflage","status":"publish","type":"page","link":"http:\/\/www.cm-networks.de\/mobkomsys\/?page_id=199","title":{"rendered":"4. Auflage"},"content":{"rendered":"<p>Auch zwischen der dritten und vierten Auflage dieses Buches hat sich in nur zwei Jahren wieder einiges in der Mobilfunkwelt getan, und die aktuelle Auflage enth\u00e4lt wiederum zahlreiche Erweiterungen. Besonders UMTS-Netze haben sich in dieser Zeit erneut stark gewandelt, besonders in den Bereichen schnellerer Datenraten und der zunehmenden Verbreitung von IP-basierten Anbindungen der Basisstationen an die dar\u00fcber liegende Infrastruktur. Das urspr\u00fcnglich auf physikalisch dedizierten Kan\u00e4len basierende \u00dcbertragungsverfahren auf dem Funkkanal vom Netzwerk zum Endger\u00e4t ist heute fast vollst\u00e4ndig durch HSPA (High Speed Packet Access) ersetzt worden. Hier werden mehrere Kan\u00e4le verwendet, die alle aktiven Teilnehmer gemeinsam benutzen. Aufgrund von diesen und zahlreichen anderen Neuerungen wurde das dritte Kapitel komplett \u00fcberarbeitet und der Schwerpunkt bei der Beschreibung der Funk\u00fcbertragung nun sehr viel st\u00e4rker auf HSPA gelegt.<\/p>\n<p>Auch der UMTS-Nachfolgestandard \u201aLong Term Evolution\u2019 (LTE) ist mittlerweile vollst\u00e4ndig spezifiziert. Grund genug, diese Technologie in die vierte Auflage dieses Buches aufzunehmen und detailliert zu beschreiben. Neben der Beschreibung der neuen \u00dcbertragungstechnik und des neuen Kernnetzwerkes wird auch dargestellt, wie sich LTE von UMTS unterscheidet. Damit wird gezeigt, warum UMTS zwar weiterentwickelt wird,\u00a0 aber manche vom System vorgegebenen Limitationen nur mit einem neuen Ansatz \u00fcberwunden werden k\u00f6nnen. Um den Umfang des Buches in Grenzen zu halten, musste daf\u00fcr jedoch das Kapitel \u00fcber die Bluetooth-Technik entfallen.<\/p>\n<p>Auch im Bereich GSM und GPRS hat sich seit der letzten Auflage wieder einiges getan. Wichtigste Neuerung ist die Einf\u00fchrung der \u201aBearer Independent Core Network\u2019 (BICN) Architektur mit Release 4 des Standards, die das leitungsvermittelnde Kernnetz auf IP-basierte Verbindungen \u00fcberf\u00fchrt. Somit k\u00f6nnen Netzwerkbetreiber nun das leitungsvermittelnde und das paketvermittelnde Netzwerk \u00fcber eine gemeinsame Transportschicht betreiben. In Kapitel 1 wurde dies entsprechend ber\u00fccksichtigt und sowohl wie bisher die klassische Leitungsvermittlung beschrieben und nun in der vierten Auflage auch die neue Release 4-Architektur.<\/p>\n<p>Auch Kapitel 2 zum Thema GPRS wurde \u00fcberarbeitet, da sich die Verbreitung von EDGE in den letzten Jahren weiter fortgesetzt hat. Mit neuen Endger\u00e4ten, die eine schnellere Daten\u00fcbertragung erm\u00f6glichen, sind nun auch weitere Anwendungen m\u00f6glich. Besonders in der Maschine-zu-Maschine-Kommunikation wird GPRS und EDGE somit auch in den n\u00e4chsten Jahren eine starke Bedeutung behalten.<\/p>\n","protected":false},"excerpt":{"rendered":"<p>Auch zwischen der dritten und vierten Auflage dieses Buches hat sich in nur zwei Jahren wieder einiges in der Mobilfunkwelt getan, und die aktuelle Auflage enth\u00e4lt wiederum zahlreiche Erweiterungen. Besonders UMTS-Netze haben sich in dieser Zeit erneut stark gewandelt, besonders &hellip; <a href=\"http:\/\/www.cm-networks.de\/mobkomsys\/?page_id=199\">Continue reading <span class=\"meta-nav\">&rarr;<\/span><\/a><\/p>\n","protected":false},"author":1,"featured_media":0,"parent":0,"menu_order":0,"comment_status":"closed","ping_status":"closed","template":"onecolumn-page.php","meta":{"footnotes":""},"class_list":["post-199","page","type-page","status-publish","hentry"],"_links":{"self":[{"href":"http:\/\/www.cm-networks.de\/mobkomsys\/index.php?rest_route=\/wp\/v2\/pages\/199","targetHints":{"allow":["GET"]}}],"collection":[{"href":"http:\/\/www.cm-networks.de\/mobkomsys\/index.php?rest_route=\/wp\/v2\/pages"}],"about":[{"href":"http:\/\/www.cm-networks.de\/mobkomsys\/index.php?rest_route=\/wp\/v2\/types\/page"}],"author":[{"embeddable":true,"href":"http:\/\/www.cm-networks.de\/mobkomsys\/index.php?rest_route=\/wp\/v2\/users\/1"}],"replies":[{"embeddable":true,"href":"http:\/\/www.cm-networks.de\/mobkomsys\/index.php?rest_route=%2Fwp%2Fv2%2Fcomments&post=199"}],"version-history":[{"count":5,"href":"http:\/\/www.cm-networks.de\/mobkomsys\/index.php?rest_route=\/wp\/v2\/pages\/199\/revisions"}],"predecessor-version":[{"id":207,"href":"http:\/\/www.cm-networks.de\/mobkomsys\/index.php?rest_route=\/wp\/v2\/pages\/199\/revisions\/207"}],"wp:attachment":[{"href":"http:\/\/www.cm-networks.de\/mobkomsys\/index.php?rest_route=%2Fwp%2Fv2%2Fmedia&parent=199"}],"curies":[{"name":"wp","href":"https:\/\/api.w.org\/{rel}","templated":true}]}}