{"id":346,"date":"2018-08-24T08:55:40","date_gmt":"2018-08-24T06:55:40","guid":{"rendered":"http:\/\/www.cm-networks.de\/mobkomsys\/?page_id=346"},"modified":"2018-08-24T08:55:40","modified_gmt":"2018-08-24T06:55:40","slug":"7-auflage","status":"publish","type":"page","link":"http:\/\/www.cm-networks.de\/mobkomsys\/?page_id=346","title":{"rendered":"7. Auflage"},"content":{"rendered":"<p>Weit \u00fcber ein Jahrzehnt ist seit dem Erscheinen der bisherigen Auflagen dieses Buches mittlerweile vergangen und noch immer ist der Mobilfunk einer der sich am schnellsten entwickelnden Zweige der Telekommunikation. Somit ist es wenig verwunderlich, dass auch in der 7. Auflage wieder zahlreiche \u00dcberarbeitungen und Erg\u00e4nzungen Einzug gehalten haben, um aktuellen Entwicklungen Rechnung zu tragen.<\/p>\n<p>Im Bereich von GSM und GPRS sind Hersteller und Netzbetreiber weiterhin vor allem darauf bedacht, die Netzkomponenten kleiner, stromsparender und kosteng\u00fcnstiger zu machen und sie mit UMTS und LTE zu vereinen. Dies wurde in den ersten zwei Kapiteln entsprechend eingearbeitet. Interessanterweise ist nun ein \u00e4hnlicher Trend auch bei UMTS zu beobachten. Hier konzentrieren sich die Netzbetreiber vor allem auf die Optimierung des im Betrieb befindlichen Systems. Weitere Bem\u00fchungen, die Datenraten \u00fcber das aktuelle theoretische Limit von 42.2 Mbit\/s zu steigern, finden nicht mehr statt.<\/p>\n<p>Der Hauptfokus im Mobilfunk in der Praxis liegt heute auf LTE und so wurde dieses Kapitel deutlich erweitert. Viele neue Details wurden zu den Themen LTE Carrier Aggregation und Nutzung zus\u00e4tzlicher Frequenzbereiche in dieser Auflage hinzugef\u00fcgt, da diese Funktionen heute in der Praxis f\u00fcr immer h\u00f6here \u00dcbertragungsgeschwindigkeiten und mehr Kapazit\u00e4t im Netzwerk sorgen. Au\u00dferdem finden sich im Kapitel \u00fcber LTE nun zus\u00e4tzliche wichtige Details aus der Praxis zu den Themen Mobility Management, Zellwechsel und Ablauf diverser Handoverprozeduren. In den letzten Jahren wurde der LTE Standard au\u00dferdem f\u00fcr das Internet der Dinge erweitert und das Kapitel enth\u00e4lt nun auch Informationen \u00fcber die neuen Narrowband-IoT (NB-IoT) und CAT-M \u00dcbertragungsverfahren.<\/p>\n<p>Nach vielen Jahren Entwicklungszeit und Verz\u00f6gerungen ist nun zu beobachten, dass viele Netzbetreiber Voice over LTE (VoLTE) in ihren Netzen tats\u00e4chlich eingef\u00fchrt haben und nach und nach ihre Kunden auf dieses System migrieren. Auch auf der Endger\u00e4teseite ist VoLTE mittlerweile eine Standardfunktion. Aufgrund dieser Entwicklung bekam dieses Thema nun sein eigenes Kapitel mit zahlreichen Erweiterungen, insbesondere in den Bereichen Sprachcodecaushandlung, Quality of Service, dem XCAP Interface f\u00fcr die Konfiguration der Anrufweiterleitung, Handover von VoLTE nach 2G\/3G, Notrufe, VoLTE Roaming und Voice over Wifi (VoWifi).<\/p>\n<p>Auch im Wireless-LAN Bereich hat sich in den vergangenen Jahren einiges getan. Mittlerweile sind zahlreiche Produkte auf dem Markt, die den 802.11ac Standard unterst\u00fctzen, der theoretische Spitzendatenraten im Gigabit\/s Bereich erm\u00f6glicht. In der Praxis sind mit diesem Standard weit h\u00f6here Geschwindigkeiten zu erreichen, als dies in 802.11n Netzen m\u00f6glich ist. Deutlich erweitert wurde auch das Unterkapitel zum Thema WLAN Authentifizierung. Das vor allem im Hochschulbereich weit verbreitete Eduroam System nutzt den WLAN WPA2-Professional Standard f\u00fcr die Authentifizierung und wird in einem neuen Unterkapitel behandelt.<\/p>\n<p>Bleibt mir noch, Ihnen an dieser Stelle viel Freude beim Studium dieses Buches, und beim Experimentieren und Nutzen mobiler Kommunikation zu w\u00fcnschen.<\/p>\n<p>K\u00f6ln, im Februar 2018 &#8211; Martin Sauter<\/p>\n","protected":false},"excerpt":{"rendered":"<p>Weit \u00fcber ein Jahrzehnt ist seit dem Erscheinen der bisherigen Auflagen dieses Buches mittlerweile vergangen und noch immer ist der Mobilfunk einer der sich am schnellsten entwickelnden Zweige der Telekommunikation. Somit ist es wenig verwunderlich, dass auch in der 7. &hellip; <a href=\"http:\/\/www.cm-networks.de\/mobkomsys\/?page_id=346\">Continue reading <span class=\"meta-nav\">&rarr;<\/span><\/a><\/p>\n","protected":false},"author":1,"featured_media":0,"parent":136,"menu_order":0,"comment_status":"closed","ping_status":"closed","template":"onecolumn-page.php","meta":{"footnotes":""},"class_list":["post-346","page","type-page","status-publish","hentry"],"_links":{"self":[{"href":"http:\/\/www.cm-networks.de\/mobkomsys\/index.php?rest_route=\/wp\/v2\/pages\/346","targetHints":{"allow":["GET"]}}],"collection":[{"href":"http:\/\/www.cm-networks.de\/mobkomsys\/index.php?rest_route=\/wp\/v2\/pages"}],"about":[{"href":"http:\/\/www.cm-networks.de\/mobkomsys\/index.php?rest_route=\/wp\/v2\/types\/page"}],"author":[{"embeddable":true,"href":"http:\/\/www.cm-networks.de\/mobkomsys\/index.php?rest_route=\/wp\/v2\/users\/1"}],"replies":[{"embeddable":true,"href":"http:\/\/www.cm-networks.de\/mobkomsys\/index.php?rest_route=%2Fwp%2Fv2%2Fcomments&post=346"}],"version-history":[{"count":1,"href":"http:\/\/www.cm-networks.de\/mobkomsys\/index.php?rest_route=\/wp\/v2\/pages\/346\/revisions"}],"predecessor-version":[{"id":347,"href":"http:\/\/www.cm-networks.de\/mobkomsys\/index.php?rest_route=\/wp\/v2\/pages\/346\/revisions\/347"}],"up":[{"embeddable":true,"href":"http:\/\/www.cm-networks.de\/mobkomsys\/index.php?rest_route=\/wp\/v2\/pages\/136"}],"wp:attachment":[{"href":"http:\/\/www.cm-networks.de\/mobkomsys\/index.php?rest_route=%2Fwp%2Fv2%2Fmedia&parent=346"}],"curies":[{"name":"wp","href":"https:\/\/api.w.org\/{rel}","templated":true}]}}